{"id":1171,"date":"2021-05-04T17:07:57","date_gmt":"2021-05-04T15:07:57","guid":{"rendered":"https:\/\/raabtransport.se\/?page_id=1171"},"modified":"2025-12-09T13:57:46","modified_gmt":"2025-12-09T12:57:46","slug":"__trashed","status":"publish","type":"page","link":"https:\/\/raabtransport.se\/?page_id=1171","title":{"rendered":"DUNLOP Luftfj\u00e4dring"},"content":{"rendered":"\t\t<div data-elementor-type=\"wp-page\" data-elementor-id=\"1171\" class=\"elementor elementor-1171\">\n\t\t\t\t\t\t<section class=\"elementor-section elementor-top-section elementor-element elementor-element-5c58fa1 elementor-section-boxed elementor-section-height-default elementor-section-height-default\" data-id=\"5c58fa1\" data-element_type=\"section\">\n\t\t\t\t\t\t<div class=\"elementor-container elementor-column-gap-default\">\n\t\t\t\t\t<div class=\"elementor-column elementor-col-100 elementor-top-column elementor-element elementor-element-be054fa\" data-id=\"be054fa\" data-element_type=\"column\">\n\t\t\t<div class=\"elementor-widget-wrap elementor-element-populated\">\n\t\t\t\t\t\t<div class=\"elementor-element elementor-element-26b3fb6 elementor-widget elementor-widget-heading\" data-id=\"26b3fb6\" data-element_type=\"widget\" data-widget_type=\"heading.default\">\n\t\t\t\t<div class=\"elementor-widget-container\">\n\t\t\t\t\t<h2 class=\"elementor-heading-title elementor-size-default\">DUNLOP<\/h2>\t\t\t\t<\/div>\n\t\t\t\t<\/div>\n\t\t\t\t\t<\/div>\n\t\t<\/div>\n\t\t\t\t\t<\/div>\n\t\t<\/section>\n\t\t\t\t<section class=\"elementor-section elementor-top-section elementor-element elementor-element-8c1d03e elementor-section-boxed elementor-section-height-default elementor-section-height-default\" data-id=\"8c1d03e\" data-element_type=\"section\">\n\t\t\t\t\t\t<div class=\"elementor-container elementor-column-gap-default\">\n\t\t\t\t\t<div class=\"elementor-column elementor-col-100 elementor-top-column elementor-element elementor-element-c1b6acf\" data-id=\"c1b6acf\" data-element_type=\"column\">\n\t\t\t<div class=\"elementor-widget-wrap elementor-element-populated\">\n\t\t\t\t\t\t<div class=\"elementor-element elementor-element-a13f12d elementor-widget elementor-widget-text-editor\" data-id=\"a13f12d\" data-element_type=\"widget\" data-widget_type=\"text-editor.default\">\n\t\t\t\t<div class=\"elementor-widget-container\">\n\t\t\t\t\t\t\t\t\t<p>Vi \u00e4r \u00e5terf\u00f6rs\u00e4ljare \u00e5t Dunlop luftfj\u00e4drings-kit till husbilar och pickuper av olika modeller.<\/p><p>Finns olika varianter av kit beroende p\u00e5 vilken sorts husbil\/bil man har.<\/p><p>\u00c4r du h\u00e4ndig kan du montera sj\u00e4lv annars kan vi erbjuda montering till bra priser.<\/p>\t\t\t\t\t\t\t\t<\/div>\n\t\t\t\t<\/div>\n\t\t\t\t<section class=\"elementor-section elementor-inner-section elementor-element elementor-element-880f3d8 elementor-section-boxed elementor-section-height-default elementor-section-height-default\" data-id=\"880f3d8\" data-element_type=\"section\">\n\t\t\t\t\t\t<div class=\"elementor-container elementor-column-gap-default\">\n\t\t\t\t\t<div class=\"elementor-column elementor-col-50 elementor-inner-column elementor-element elementor-element-37c424f\" data-id=\"37c424f\" data-element_type=\"column\">\n\t\t\t<div class=\"elementor-widget-wrap elementor-element-populated\">\n\t\t\t\t\t\t<div class=\"elementor-element elementor-element-e4838e2 elementor-widget elementor-widget-text-editor\" data-id=\"e4838e2\" data-element_type=\"widget\" data-widget_type=\"text-editor.default\">\n\t\t\t\t<div class=\"elementor-widget-container\">\n\t\t\t\t\t\t\t\t\t<h2>UTAN LUFTFJ\u00c4DRING<\/h2><ul><li>Instabil hantering<\/li><li>H\u00f6gre k\u00e4nslighet f\u00f6r korsvindar<\/li><li>Mindre grepp p\u00e5 framhjulen<\/li><li>L\u00e5ng eller f\u00f6r l\u00e5ng bromsstr\u00e4cka<\/li><li>Kan farligt bl\u00e4nda m\u00f6tande f\u00f6rare<\/li><li>\u00d6kad risk f\u00f6r skador<\/li><\/ul>\t\t\t\t\t\t\t\t<\/div>\n\t\t\t\t<\/div>\n\t\t\t\t\t<\/div>\n\t\t<\/div>\n\t\t\t\t<div class=\"elementor-column elementor-col-50 elementor-inner-column elementor-element elementor-element-c31480f\" data-id=\"c31480f\" data-element_type=\"column\">\n\t\t\t<div class=\"elementor-widget-wrap elementor-element-populated\">\n\t\t\t\t\t\t<div class=\"elementor-element elementor-element-2b26701 elementor-widget elementor-widget-text-editor\" data-id=\"2b26701\" data-element_type=\"widget\" data-widget_type=\"text-editor.default\">\n\t\t\t\t<div class=\"elementor-widget-container\">\n\t\t\t\t\t\t\t\t\t<h2><span>MED LUFTFJ\u00c4DRING<\/span><\/h2><ul><li><span>Mer k\u00f6rkomfort och b\u00e4ttre v\u00e4gh\u00e5llning<\/span><\/li><li><span>Alltid tillr\u00e4ckligt med markfrig\u00e5ng<\/span><\/li><li><span>Mycket stabilt v\u00e4nster \/ h\u00f6ger uppdelat system<\/span><\/li><li><span>Till\u00e5ter att fordonet lyfts upp s\u00e4kert f\u00f6r att k\u00f6ra p\u00e5 och av f\u00e4rjor<\/span><\/li><li><span>Niv\u00e5er p\u00e5 en oj\u00e4mn yta<\/span><\/li><li><span>Mer grepp p\u00e5 framhjulen<\/span><\/li><li><span>B\u00e4ttre styrning<\/span><\/li><li><span>Kortare bromsstr\u00e4cka<\/span><\/li><\/ul>\t\t\t\t\t\t\t\t<\/div>\n\t\t\t\t<\/div>\n\t\t\t\t\t<\/div>\n\t\t<\/div>\n\t\t\t\t\t<\/div>\n\t\t<\/section>\n\t\t\t\t\t<\/div>\n\t\t<\/div>\n\t\t\t\t\t<\/div>\n\t\t<\/section>\n\t\t\t\t<section class=\"elementor-section elementor-top-section elementor-element elementor-element-41e05b9 elementor-section-boxed elementor-section-height-default elementor-section-height-default\" data-id=\"41e05b9\" data-element_type=\"section\">\n\t\t\t\t\t\t<div class=\"elementor-container elementor-column-gap-default\">\n\t\t\t\t\t<div class=\"elementor-column elementor-col-100 elementor-top-column elementor-element elementor-element-c29b484\" data-id=\"c29b484\" data-element_type=\"column\">\n\t\t\t<div class=\"elementor-widget-wrap elementor-element-populated\">\n\t\t\t\t\t\t<section class=\"elementor-section elementor-inner-section elementor-element elementor-element-65dca1c elementor-section-boxed elementor-section-height-default elementor-section-height-default\" data-id=\"65dca1c\" data-element_type=\"section\">\n\t\t\t\t\t\t<div class=\"elementor-container elementor-column-gap-default\">\n\t\t\t\t\t<div class=\"elementor-column elementor-col-50 elementor-inner-column elementor-element elementor-element-becba03\" data-id=\"becba03\" data-element_type=\"column\">\n\t\t\t<div class=\"elementor-widget-wrap elementor-element-populated\">\n\t\t\t\t\t\t<div class=\"elementor-element elementor-element-3bb6ebe elementor-widget elementor-widget-image\" data-id=\"3bb6ebe\" data-element_type=\"widget\" data-widget_type=\"image.default\">\n\t\t\t\t<div class=\"elementor-widget-container\">\n\t\t\t\t\t\t\t\t\t\t\t\t\t\t\t<img fetchpriority=\"high\" decoding=\"async\" width=\"712\" height=\"297\" src=\"https:\/\/raabtransport.se\/wp-content\/uploads\/2021\/05\/Asset-11.png\" class=\"attachment-large size-large wp-image-1184\" alt=\"\" \/>\t\t\t\t\t\t\t\t\t\t\t\t\t\t\t<\/div>\n\t\t\t\t<\/div>\n\t\t\t\t\t<\/div>\n\t\t<\/div>\n\t\t\t\t<div class=\"elementor-column elementor-col-50 elementor-inner-column elementor-element elementor-element-76ca275\" data-id=\"76ca275\" data-element_type=\"column\">\n\t\t\t<div class=\"elementor-widget-wrap elementor-element-populated\">\n\t\t\t\t\t\t<div class=\"elementor-element elementor-element-0352fd0 elementor-widget elementor-widget-image\" data-id=\"0352fd0\" data-element_type=\"widget\" data-widget_type=\"image.default\">\n\t\t\t\t<div class=\"elementor-widget-container\">\n\t\t\t\t\t\t\t\t\t\t\t\t\t\t\t<img decoding=\"async\" width=\"712\" height=\"297\" src=\"https:\/\/raabtransport.se\/wp-content\/uploads\/2021\/05\/Asset-12.png\" class=\"attachment-large size-large wp-image-1183\" alt=\"\" \/>\t\t\t\t\t\t\t\t\t\t\t\t\t\t\t<\/div>\n\t\t\t\t<\/div>\n\t\t\t\t\t<\/div>\n\t\t<\/div>\n\t\t\t\t\t<\/div>\n\t\t<\/section>\n\t\t\t\t\t<\/div>\n\t\t<\/div>\n\t\t\t\t\t<\/div>\n\t\t<\/section>\n\t\t\t\t<section class=\"elementor-section elementor-top-section elementor-element elementor-element-3b7a00e elementor-section-boxed elementor-section-height-default elementor-section-height-default\" data-id=\"3b7a00e\" data-element_type=\"section\">\n\t\t\t\t\t\t<div class=\"elementor-container elementor-column-gap-default\">\n\t\t\t\t\t<div class=\"elementor-column elementor-col-100 elementor-top-column elementor-element elementor-element-dee270e\" data-id=\"dee270e\" data-element_type=\"column\">\n\t\t\t<div class=\"elementor-widget-wrap elementor-element-populated\">\n\t\t\t\t\t\t<div class=\"elementor-element elementor-element-ec8d75e elementor-widget elementor-widget-heading\" data-id=\"ec8d75e\" data-element_type=\"widget\" data-widget_type=\"heading.default\">\n\t\t\t\t<div class=\"elementor-widget-container\">\n\t\t\t\t\t<h2 class=\"elementor-heading-title elementor-size-default\">Klicka p\u00e5 bilden under f\u00f6r att komma till produktkatalogen<\/h2>\t\t\t\t<\/div>\n\t\t\t\t<\/div>\n\t\t\t\t<div class=\"elementor-element elementor-element-31e0fda elementor-widget elementor-widget-image\" data-id=\"31e0fda\" data-element_type=\"widget\" data-widget_type=\"image.default\">\n\t\t\t\t<div class=\"elementor-widget-container\">\n\t\t\t\t\t\t\t\t\t\t\t\t\t\t\t\t<a href=\"https:\/\/dscsystems.nl\/en\/products\/sets\">\n\t\t\t\t\t\t\t<img decoding=\"async\" width=\"788\" height=\"867\" src=\"https:\/\/raabtransport.se\/wp-content\/uploads\/2021\/05\/Produkter.jpg\" class=\"attachment-large size-large wp-image-1201\" alt=\"\" \/>\t\t\t\t\t\t\t\t<\/a>\n\t\t\t\t\t\t\t\t\t\t\t\t\t\t\t<\/div>\n\t\t\t\t<\/div>\n\t\t\t\t<div class=\"elementor-element elementor-element-66a4eef elementor-widget elementor-widget-text-editor\" data-id=\"66a4eef\" data-element_type=\"widget\" data-widget_type=\"text-editor.default\">\n\t\t\t\t<div class=\"elementor-widget-container\">\n\t\t\t\t\t\t\t\t\t<p><b>Kontakt:\u00a0<\/b><\/p><p><b>Ragnar J\u00f6nsson 070-5491280<\/b><\/p><p><b>Jens Eriksson 070-8254520<\/b><\/p><p><b>sales@btk.se<\/b><\/p>\t\t\t\t\t\t\t\t<\/div>\n\t\t\t\t<\/div>\n\t\t\t\t\t<\/div>\n\t\t<\/div>\n\t\t\t\t\t<\/div>\n\t\t<\/section>\n\t\t\t\t<\/div>\n\t\t","protected":false},"excerpt":{"rendered":"<p>DUNLOP Vi \u00e4r \u00e5terf\u00f6rs\u00e4ljare \u00e5t Dunlop luftfj\u00e4drings-kit till husbilar och pickuper av olika modeller. Finns olika varianter av kit beroende p\u00e5 vilken sorts husbil\/bil man har. \u00c4r du h\u00e4ndig kan du montera sj\u00e4lv annars kan vi erbjuda montering till bra priser. UTAN LUFTFJ\u00c4DRING Instabil hantering H\u00f6gre k\u00e4nslighet f\u00f6r korsvindar Mindre grepp p\u00e5 framhjulen L\u00e5ng eller [&hellip;]<\/p>\n","protected":false},"author":1,"featured_media":0,"parent":0,"menu_order":0,"comment_status":"closed","ping_status":"closed","template":"elementor_header_footer","meta":{"_seopress_robots_primary_cat":"","_seopress_titles_title":"Dunlop Luftfj\u00e4dring","_seopress_titles_desc":"Dunlop luftfj\u00e4dring f\u00f6r husbil samt pickups","_seopress_robots_index":"","_monsterinsights_skip_tracking":false,"_monsterinsights_sitenote_active":false,"_monsterinsights_sitenote_note":"","_monsterinsights_sitenote_category":0,"footnotes":""},"amp_enabled":false,"_links":{"self":[{"href":"https:\/\/raabtransport.se\/index.php?rest_route=\/wp\/v2\/pages\/1171"}],"collection":[{"href":"https:\/\/raabtransport.se\/index.php?rest_route=\/wp\/v2\/pages"}],"about":[{"href":"https:\/\/raabtransport.se\/index.php?rest_route=\/wp\/v2\/types\/page"}],"author":[{"embeddable":true,"href":"https:\/\/raabtransport.se\/index.php?rest_route=\/wp\/v2\/users\/1"}],"replies":[{"embeddable":true,"href":"https:\/\/raabtransport.se\/index.php?rest_route=%2Fwp%2Fv2%2Fcomments&post=1171"}],"version-history":[{"count":82,"href":"https:\/\/raabtransport.se\/index.php?rest_route=\/wp\/v2\/pages\/1171\/revisions"}],"predecessor-version":[{"id":1992,"href":"https:\/\/raabtransport.se\/index.php?rest_route=\/wp\/v2\/pages\/1171\/revisions\/1992"}],"wp:attachment":[{"href":"https:\/\/raabtransport.se\/index.php?rest_route=%2Fwp%2Fv2%2Fmedia&parent=1171"}],"curies":[{"name":"wp","href":"https:\/\/api.w.org\/{rel}","templated":true}]}}